0:00:16.678941000  5622 0x8065620 INFO   GST_STATES gstbin.c:1930:gst_bin_change_state_func: child 'rtprecv1' changed state to 2(READY) successfully
0:00:16.678953000  5622 0xb4900b20 INFO   GST_STATES gstbin.c:1930:gst_bin_change_state_func: child 'rtpdemux1' changed state to 3(PAUSED) successfully
0:00:16.678964000  5622 0x8065620 INFO   GST_STATES gstelement.c:1936:gst_element_continue_state: nothing pending
0:00:16.678986000  5622 0x8065620 INFO   GST_STATES gstbin.c:1930:gst_bin_change_state_func: child 'rtpbin1' changed state to 2(READY) successfully
0:00:16.679012000  5622 0xb4900b20 INFO   GST_STATES gstelement.c:1945:gst_element_continue_state: completed state change
0:00:16.679015000  5622 0x8065620 INFO   GST_STATES gstelement.c:1945:gst_element_continue_state: completed state change
0:00:16.679043000  5622 0xb4900b20 INFO   GST_STATES gstbin.c:1930:gst_bin_change_state_func: child 'rtpsend1' changed state to 3(PAUSED) successfully
0:00:16.679056000  5622 0x8065620 INFO   GST_STATES gstbin.c:1930:gst_bin_change_state_func: child 'rtph263ppay0' changed state to 2(READY) successfully
0:00:16.679067000  5622 0xb4900b20 INFO   GST_STATES gstelement.c:1945:gst_element_continue_state: completed state change
0:00:16.679080000  5622 0x8065620 INFO   GST_STATES gstelement.c:1945:gst_element_continue_state: completed state change
0:00:16.679095000  5622 0xb4900b20 INFO   GST_STATES gstbin.c:1930:gst_bin_change_state_func: child 'rtpjitterbuffer1' changed state to 3(PAUSED) successfully
0:00:16.679107000  5622 0x8065620 INFO   GST_STATES gstbin.c:1930:gst_bin_change_state_func: child 'capsfilter2' changed state to 2(READY) successfully
0:00:16.679125000  5622 0xb4900b20 INFO   GST_STATES gstelement.c:1945:gst_element_continue_state: completed state change
0:00:16.679131000  5622 0x8065620 INFO   GST_STATES gstelement.c:1945:gst_element_continue_state: completed state change
0:00:16.679160000  5622 0x8065620 INFO   GST_STATES gstbin.c:1930:gst_bin_change_state_func: child 'ffenc_h263p0' changed state to 2(READY) successfully
0:00:16.679168000  5622 0xb4900b20 INFO   GST_STATES gstbin.c:1930:gst_bin_change_state_func: child 'rtprecv1' changed state to 3(PAUSED) successfully
0:00:16.679181000  5622 0x8065620 INFO   GST_STATES gstelement.c:1945:gst_element_continue_state: completed state change
0:00:16.679200000  5622 0xb4900b20 INFO   GST_STATES gstelement.c:1945:gst_element_continue_state: completed state change
0:00:16.679207000  5622 0x8065620 INFO   GST_STATES gstbin.c:1930:gst_bin_change_state_func: child 'send99' changed state to 2(READY) successfully
0:00:16.679228000  5622 0xb4900b20 INFO   GST_STATES gstbin.c:1930:gst_bin_change_state_func: child 'rtpbin1' changed state to 3(PAUSED) successfully
0:00:16.679231000  5622 0x8065620 INFO   GST_STATES gstelement.c:1945:gst_element_continue_state: completed state change
0:00:16.679283000  5622 0x8065620 INFO   GST_STATES gstbin.c:1930:gst_bin_change_state_func: child 'icesrc1' changed state to 2(READY) successfully
0:00:16.679292000  5622 0xb4900b20 INFO   GST_STATES gstelement.c:1945:gst_element_continue_state: completed state change
0:00:16.679304000  5622 0x8065620 INFO   GST_STATES gstelement.c:1919:gst_element_continue_state: committing state from READY to PAUSED, pending PLAYING
0:00:16.679322000  5622 0xb4900b20 INFO   GST_STATES gstbin.c:1930:gst_bin_change_state_func: child 'rtph263ppay0' changed state to 3(PAUSED) successfully
0:00:16.679330000  5622 0x8065620 INFO   GST_STATES gstelement.c:1928:gst_element_continue_state: continue state change PAUSED to PLAYING, final PLAYING
0:00:16.679352000  5622 0xb4900b20 INFO   GST_STATES gstelement.c:1945:gst_element_continue_state: completed state change
0:00:16.679360000  5622 0x8065620 INFO   GST_STATES gstbin.c:1935:gst_bin_change_state_func: child 'icesink1' is changing state asynchronously
0:00:16.679380000  5622 0xb4900b20 INFO   GST_STATES gstbin.c:1930:gst_bin_change_state_func: child 'capsfilter2' changed state to 3(PAUSED) successfully
0:00:16.679384000  5622 0x8065620 INFO   GST_STATES gstelement.c:1945:gst_element_continue_state: completed state change
0:00:16.679411000  5622 0xb4900b20 INFO   GST_STATES gstelement.c:1945:gst_element_continue_state: completed state change
0:00:16.679423000  5622 0x8065620 INFO   GST_STATES gstbin.c:1930:gst_bin_change_state_func: child 'rtpdemux1' changed state to 4(PLAYING) successfully
0:00:16.679439000  5622 0xb4900b20 INFO   GST_STATES gstbin.c:1930:gst_bin_change_state_func: child 'ffenc_h263p0' changed state to 3(PAUSED) successfully
0:00:16.679455000  5622 0x8065620 INFO   GST_STATES gstelement.c:1945:gst_element_continue_state: completed state change
0:00:16.679467000  5622 0xb4900b20 INFO   GST_STATES gstelement.c:1945:gst_element_continue_state: completed state change
0:00:16.679482000  5622 0x8065620 INFO   GST_STATES gstbin.c:1930:gst_bin_change_state_func: child 'rtpsend1' changed state to 4(PLAYING) successfully
0:00:16.679495000  5622 0xb4900b20 INFO   GST_STATES gstbin.c:1930:gst_bin_change_state_func: child 'send99' changed state to 3(PAUSED) successfully
0:00:16.679506000  5622 0x8065620 INFO   GST_STATES gstelement.c:1945:gst_element_continue_state: completed state change
0:00:16.679534000  5622 0x8065620 INFO   GST_STATES gstbin.c:1930:gst_bin_change_state_func: child 'rtpjitterbuffer1' changed state to 4(PLAYING) successfully
0:00:16.679528000  5622 0xb4900b20 INFO   GST_EVENT gstevent.c:527:gst_event_new_new_segment_full: creating newsegment update 0, rate 1.000000, format 2, start 0, stop -1, position 0
0:00:16.679557000  5622 0x8065620 INFO   GST_STATES gstelement.c:1945:gst_element_continue_state: completed state change
0:00:16.679600000  5622 0x8065620 INFO   GST_STATES gstbin.c:1930:gst_bin_change_state_func: child 'rtprecv1' changed state to 4(PLAYING) successfully
0:00:16.679622000  5622 0x8065620 INFO   GST_STATES gstelement.c:1945:gst_element_continue_state: completed state change
0:00:16.679649000  5622 0x8065620 INFO   GST_STATES gstbin.c:1930:gst_bin_change_state_func: child 'rtpbin1' changed state to 4(PLAYING) successfully
0:00:16.679656000  5622 0xb4900b20 INFO   GST_STATES gstelement.c:1945:gst_element_continue_state: completed state change
0:00:16.679677000  5622 0x8065620 INFO   GST_STATES gstelement.c:1945:gst_element_continue_state: completed state change
0:00:16.679687000  5622 0xb4900b20 INFO   GST_STATES gstbin.c:1949:gst_bin_change_state_func: child 'icesrc1' changed state to 3(PAUSED) successfully without preroll
0:00:16.679705000  5622 0x8065620 INFO   GST_STATES gstbin.c:1930:gst_bin_change_state_func: child 'rtph263ppay0' changed state to 4(PLAYING) successfully
0:00:16.679716000  5622 0xb4900b20 INFO   GST_STATES gstelement.c:1945:gst_element_continue_state: completed state change
0:00:16.679729000  5622 0x8065620 INFO   GST_STATES gstelement.c:1945:gst_element_continue_state: completed state change
0:00:16.679744000  5622 0xb4900b20 INFO   GST_STATES gstbin.c:1420:gst_bin_recalc_state: bin RETURN is now 3
0:00:16.679757000  5622 0x8065620 INFO   GST_STATES gstbin.c:1930:gst_bin_change_state_func: child 'capsfilter2' changed state to 4(PLAYING) successfully
0:00:16.679765000  5622 0xb4900b20 INFO   GST_STATES gstbin.c:1282:gst_bin_get_state_func: getting state
0:00:16.679780000  5622 0x8065620 INFO   GST_STATES gstelement.c:1945:gst_element_continue_state: completed state change
0:00:16.679784000  5622 0xb4900b20 INFO   GST_STATES gstbin.c:1321:gst_bin_recalc_state: recalc state
0:00:16.679809000  5622 0x8065620 INFO   GST_STATES gstbin.c:1930:gst_bin_change_state_func: child 'ffenc_h263p0' changed state to 4(PLAYING) successfully
0:00:16.679810000  5622 0xb4900b20 INFO   GST_STATES gstbin.c:1331:gst_bin_recalc_state: checking element states
0:00:16.679835000  5622 0x8065620 INFO   GST_STATES gstelement.c:1945:gst_element_continue_state: completed state change
0:00:16.679843000  5622 0xb4900b20 INFO   GST_STATES gstelement.c:1936:gst_element_continue_state: nothing pending
0:00:16.679862000  5622 0x8065620 INFO   GST_STATES gstbin.c:1930:gst_bin_change_state_func: child 'send99' changed state to 4(PLAYING) successfully
0:00:16.679863000  5622 0xb4900b20 INFO   GST_STATES gstbin.c:1420:gst_bin_recalc_state: bin RETURN is now 1 ** Message: Connected to ReadPacket ** Message: mutex is 0x82b9648
0:00:16.679898000  5622 0xb4900b20 INFO   GST_STATES gstbin.c:1282:gst_bin_get_state_func: getting state
0:00:16.679911000  5622 0x8065620 INFO   GST_STATES gstelement.c:1945:gst_element_continue_state: completed state change
0:00:16.679931000  5622 0xb4900b20 INFO   GST_STATES gstbin.c:1426:gst_bin_recalc_state: not dirty
0:00:16.679951000  5622 0x8065620 INFO   GST_STATES gstbin.c:1930:gst_bin_change_state_func: child 'icesrc1' changed state to 4(PLAYING) successfully
0:00:16.679952000  5622 0xb4900b20 INFO   GST_STATES gstelement.c:1945:gst_element_continue_state: completed state change
0:00:16.679991000  5622 0xb4900b20 INFO   GST_STATES gstbin.c:1420:gst_bin_recalc_state: bin RETURN is now 3
0:00:16.679968000  5622 0xb4903678 INFO   GST_PADS gstpad.c:2827:gst_pad_event_default_dispatch: Sending event 0xb4902d40 to all internally linked pads
0:00:16.680030000  5622 0x8065620 INFO   GST_STATES gstbin.c:1930:gst_bin_change_state_func: child 'bin2' changed state to 4(PLAYING) successfully
0:00:16.680952000  5622 0x8065620 INFO   GST_STATES gstelement.c:1945:gst_element_continue_state: completed state change
0:00:16.680985000  5622 0x8065620 INFO   GST_STATES gstbin.c:1930:gst_bin_change_state_func: child 'ximagesink0' changed state to 2(READY) successfully
0:00:16.681009000  5622 0x8065620 INFO   GST_STATES gstelement.c:1945:gst_element_continue_state: completed state change
0:00:16.681040000  5622 0x8065620 INFO   GST_STATES gstbin.c:1930:gst_bin_change_state_func: child 'ffmpegcsp1' changed state to 2(READY) successfully
0:00:16.681062000  5622 0x8065620 INFO   GST_STATES gstelement.c:1919:gst_element_continue_state: committing state from NULL to READY, pending PLAYING
0:00:16.681087000  5622 0x8065620 INFO   GST_STATES gstelement.c:1928:gst_element_continue_state: continue state change READY to PAUSED, final PLAYING
0:00:16.681122000  5622 0x8065620 INFO   GST_STATES gstbin.c:1935:gst_bin_change_state_func: child 'ximagesink0' is changing state asynchronously
0:00:16.681148000  5622 0x8065620 INFO   GST_STATES gstelement.c:1945:gst_element_continue_state: completed state change
0:00:16.681173000  5622 0x8065620 INFO   GST_STATES gstbin.c:1930:gst_bin_change_state_func: child 'ffmpegcsp1' changed state to 3(PAUSED) successfully
0:00:16.681199000  5622 0x8065620 INFO   GST_STATES gstbin.c:1935:gst_bin_change_state_func: child 'bin1' is changing state asynchronously
0:00:16.681222000  5622 0x8065620 INFO   GST_STATES gstelement.c:1945:gst_element_continue_state: completed state change
0:00:16.681239000  5622 0x8065620 INFO   GST_STATES gstbin.c:1930:gst_bin_change_state_func: child 'fakesink0' changed state to 4(PLAYING) successfully
0:00:16.681260000  5622 0x8065620 INFO   GST_STATES gstelement.c:1945:gst_element_continue_state: completed state change
0:00:16.681277000  5622 0x8065620 INFO   GST_STATES gstbin.c:1930:gst_bin_change_state_func: child 'capsfilter0' changed state to 4(PLAYING) successfully
0:00:16.681313000  5622 0x8065620 INFO   GST_STATES gstelement.c:1945:gst_element_continue_state: completed state change
0:00:16.681331000  5622 0x8065620 INFO   GST_STATES gstbin.c:1930:gst_bin_change_state_func: child 'tee' changed state to 4(PLAYING) successfully
0:00:16.681356000  5622 0x8065620 INFO   GST_STATES gstelement.c:1945:gst_element_continue_state: completed state change
0:00:16.681374000  5622 0x8065620 INFO   GST_STATES gstbin.c:1930:gst_bin_change_state_func: child 'ffmpegcsp0' changed state to 4(PLAYING) successfully
0:00:16.681394000  5622 0x8065620 INFO   GST_STATES gstelement.c:1945:gst_element_continue_state: completed state change
0:00:16.681411000  5622 0x8065620 INFO   GST_STATES gstbin.c:1930:gst_bin_change_state_func: child 'videotestsrc0' changed state to 4(PLAYING) successfully
0:00:16.681430000  5622 0x8065620 INFO   GST_STATES gstelement.c:1945:gst_element_continue_state: completed state change
0:00:16.681447000  5622 0x8065620 INFO   GST_STATES gstbin.c:1930:gst_bin_change_state_func: child 'videosrc' changed state to 4(PLAYING) successfully
0:00:16.681467000  5622 0x8065620 INFO   GST_STATES gstelement.c:2206:gst_element_change_state: forcing commit state PLAYING < PLAYING
0:00:16.681484000  5622 0x8065620 INFO   GST_STATES gstelement.c:1945:gst_element_continue_state: completed state change ** (telepathy-stream-engine:5622): DEBUG: bus_async_handler: got error: Internal data flow error. ** (telepathy-stream-engine:5622): DEBUG: bus_async_handler: Sending tp stream engine error ** Message: tp_stream_engine_stream_error: stream errorno=0 error=Internal data flow error. ** Message: tp_stream_engine_stream_error: stream errorno=0 error=Internal data flow error. ** (telepathy-stream-engine:5622): DEBUG: shutdown_channel: disconnecting signals from media_signalling proxy ** (telepathy-stream-engine:5622): DEBUG: shutdown_channel: disconnecting signals from channel_proxy ** (telepathy-stream-engine:5622): DEBUG: channel closed: 0x806fd68 ** (telepathy-stream-engine:5622): DEBUG: no channels or previews remaining; emitting no-more-channels ** (telepathy-stream-engine:5622): DEBUG: tp_stream_engine_channel_dispose ** (telepathy-stream-engine:5622): DEBUG: tp_stream_engine_session_dispose ** (telepathy-stream-engine:5622): DEBUG: stream 1 (audio) stop_stream: calling stop on farsight stream 0x8106000 (telepathy-stream-engine:5622): farsight-rtp-DEBUG: farsight_rtp_stream_stop (1914): stopping media pipeline
0:00:16.682256000  5622 0x8065620 INFO   GST_STATES gstelement.c:2206:gst_element_change_state: forcing commit state PLAYING < PAUSED
0:00:16.682285000  5622 0x8065620 INFO   GST_STATES gstelement.c:1945:gst_element_continue_state: completed state change
0:00:16.682315000  5622 0x8065620 INFO   GST_STATES gstbin.c:1930:gst_bin_change_state_func: child 'icesink0' changed state to 3(PAUSED) successfully
0:00:16.682339000  5622 0x8065620 INFO   GST_STATES gstelement.c:1945:gst_element_continue_state: completed state change
0:00:16.682364000  5622 0x8065620 INFO   GST_STATES gstbin.c:1930:gst_bin_change_state_func: child 'rtpdemux0' changed state to 3(PAUSED) successfully
0:00:16.682398000  5622 0x8065620 INFO   GST_STATES gstelement.c:1945:gst_element_continue_state: completed state change
0:00:16.682439000  5622 0x8065620 INFO   GST_STATES gstbin.c:1930:gst_bin_change_state_func: child 'rtpsend0' changed state to 3(PAUSED) successfully
0:00:16.682463000  5622 0x8065620 INFO   GST_STATES gstelement.c:1945:gst_element_continue_state: completed state change
0:00:16.682488000  5622 0x8065620 INFO   GST_STATES gstbin.c:1930:gst_bin_change_state_func: child 'rtpjitterbuffer0' changed state to 3(PAUSED) successfully
0:00:16.682509000  5622 0x8065620 INFO   GST_STATES gstelement.c:1945:gst_element_continue_state: completed state change
0:00:16.682534000  5622 0x8065620 INFO   GST_STATES gstbin.c:1930:gst_bin_change_state_func: child 'rtprecv0' changed state to 3(PAUSED) successfully
0:00:16.682555000  5622 0x8065620 INFO   GST_STATES gstelement.c:1945:gst_element_continue_state: completed state change
0:00:16.682579000  5622 0x8065620 INFO   GST_STATES gstbin.c:1930:gst_bin_change_state_func: child 'rtpbin0' changed state to 3(PAUSED) successfully
0:00:16.682611000  5622 0x8065620 INFO   GST_STATES gstelement.c:1945:gst_element_continue_state: completed state change
0:00:16.682637000  5622 0x8065620 INFO   GST_STATES gstbin.c:1930:gst_bin_change_state_func: child 'rtppmcapay0' changed state to 3(PAUSED) successfully
0:00:16.682659000  5622 0x8065620 INFO   GST_STATES gstelement.c:1945:gst_element_continue_state: completed state change
0:00:16.682683000  5622 0x8065620 INFO   GST_STATES gstbin.c:1930:gst_bin_change_state_func: child 'capsfilter1' changed state to 3(PAUSED) successfully
0:00:16.682704000  5622 0x8065620 INFO   GST_STATES gstelement.c:1945:gst_element_continue_state: completed state change
0:00:16.682787000  5622 0x8065620 INFO   GST_STATES gstbin.c:1930:gst_bin_change_state_func: child 'alawenc0' changed state to 3(PAUSED) successfully
0:00:16.682808000  5622 0x8065620 INFO   GST_STATES gstelement.c:1945:gst_element_continue_state: completed state change
0:00:16.682832000  5622 0x8065620 INFO   GST_STATES gstbin.c:1930:gst_bin_change_state_func: child 'send8' changed state to 3(PAUSED) successfully
0:00:16.682855000  5622 0x8065620 INFO   GST_STATES gstelement.c:1945:gst_element_continue_state: completed state change
0:00:16.682879000  5622 0x8065620 INFO   GST_STATES gstbin.c:1949:gst_bin_change_state_func: child 'icesrc0' changed state to 3(PAUSED) successfully without preroll
0:00:16.682909000  5622 0x8065620 INFO   GST_STATES gstelement.c:1945:gst_element_continue_state: completed state change
0:00:16.682934000  5622 0x8065620 INFO   GST_STATES gstbin.c:1949:gst_bin_change_state_func: child 'alsasrc0' changed state to 3(PAUSED) successfully without preroll
0:00:16.682967000  5622 0x8065620 INFO   GST_STATES gstelement.c:1919:gst_element_continue_state: committing state from PLAYING to PAUSED, pending NULL
0:00:16.683006000  5622 0x8065620 INFO   GST_STATES gstelement.c:1928:gst_element_continue_state: continue state change PAUSED to READY, final NULL
0:00:16.683049000  5622 0x8065620 INFO   GST_STATES gstelement.c:1945:gst_element_continue_state: completed state change
0:00:16.683074000  5622 0x8065620 INFO   GST_STATES gstbin.c:1930:gst_bin_change_state_func: child 'icesink0' changed state to 2(READY) successfully
0:00:16.683102000  5622 0x8065620 INFO   GST_STATES gstelement.c:1945:gst_element_continue_state: completed state change
0:00:16.683127000  5622 0x8065620 INFO   GST_STATES gstbin.c:1930:gst_bin_change_state_func: child 'rtpdemux0' changed state to 2(READY) successfully
0:00:16.683180000  5622 0x8065620 INFO   GST_STATES gstelement.c:1945:gst_element_continue_state: completed state change
0:00:16.683207000  5622 0x8065620 INFO   GST_STATES gstbin.c:1930:gst_bin_change_state_func: child 'rtpsend0' changed state to 2(READY) successfully
0:00:16.683229000  5622 0x8065620 INFO   GST_STATES gstelement.c:1945:gst_element_continue_state: completed state change
0:00:16.683253000  5622 0x8065620 INFO   GST_STATES gstbin.c:1930:gst_bin_change_state_func: child 'rtpjitterbuffer0' changed state to 2(READY) successfully
0:00:16.683282000  5622 0x8065620 INFO   GST_STATES gstelement.c:1945:gst_element_continue_state: completed state change
0:00:16.683307000  5622 0x8065620 INFO   GST_STATES gstbin.c:1930:gst_bin_change_state_func: child 'rtprecv0' changed state to 2(READY) successfully
0:00:16.683347000  5622 0x8065620 INFO   GST_STATES gstelement.c:1945:gst_element_continue_state: completed state change
0:00:16.683373000  5622 0x8065620 INFO   GST_STATES gstbin.c:1930:gst_bin_change_state_func: child 'rtpbin0' changed state to 2(READY) successfully
0:00:16.683432000  5622 0x8065620 INFO   GST_STATES gstelement.c:1945:gst_element_continue_state: completed state change
0:00:16.683458000  5622 0x8065620 INFO   GST_STATES gstbin.c:1930:gst_bin_change_state_func: child 'rtppmcapay0' changed state to 2(READY) successfully
0:00:16.683500000  5622 0x8065620 INFO   GST_STATES gstelement.c:1945:gst_element_continue_state: completed state change
0:00:16.683525000  5622 0x8065620 INFO   GST_STATES gstbin.c:1930:gst_bin_change_state_func: child 'capsfilter1' changed state to 2(READY) successfully
0:00:16.683566000  5622 0x8065620 INFO   GST_STATES gstelement.c:1945:gst_element_continue_state: completed state change
0:00:16.683592000  5622 0x8065620 INFO   GST_STATES gstbin.c:1930:gst_bin_change_state_func: child 'alawenc0' changed state to 2(READY) successfully
0:00:16.683626000  5622 0x8065620 INFO   GST_STATES gstelement.c:1945:gst_element_continue_state: completed state change
0:00:16.683651000  5622 0x8065620 INFO   GST_STATES gstbin.c:1930:gst_bin_change_state_func: child 'send8' changed state to 2(READY) successfully
0:00:16.683707000  5622 0x8227260 INFO   basesrc gstbasesrc.c:1479:gst_base_src_loop: pausing after gst_base_src_get_range() = -2
0:00:16.686343000  5622 0x82273a8 INFO   basesrc gstbasesrc.c:1479:gst_base_src_loop: pausing after gst_base_src_get_range() = -2
0:00:16.686411000  5622 0x8065620 INFO   GST_EVENT gstpad.c:4046:gst_pad_send_event: Received event on flushing pad. Discarding
0:00:16.686434000  5622 0x8065620 INFO   GST_STATES gstelement.c:1945:gst_element_continue_state: completed state change
0:00:16.686465000  5622 0x8065620 INFO   GST_STATES gstbin.c:1930:gst_bin_change_state_func: child 'icesrc0' changed state to 2(READY) successfully
0:00:16.686531000  5622 0x8065620 INFO   GST_EVENT gstpad.c:4046:gst_pad_send_event: Received event on flushing pad. Discarding
0:00:16.695468000  5622 0x8065620 INFO   GST_STATES gstelement.c:1945:gst_element_continue_state: completed state change
0:00:16.695560000  5622 0x8065620 INFO   GST_STATES gstbin.c:1930:gst_bin_change_state_func: child 'alsasrc0' changed state to 2(READY) successfully
0:00:16.695599000  5622 0x8065620 INFO   GST_STATES gstelement.c:1919:gst_element_continue_state: committing state from PAUSED to READY, pending NULL
0:00:16.695625000  5622 0x8065620 INFO   GST_STATES gstelement.c:1928:gst_element_continue_state: continue state change READY to NULL, final NULL
0:00:16.695679000  5622 0x8065620 INFO   GST_STATES gstelement.c:1945:gst_element_continue_state: completed state change
0:00:16.695705000  5622 0x8065620 INFO   GST_STATES gstbin.c:1930:gst_bin_change_state_func: child 'icesink0' changed state to 1(NULL) successfully
0:00:16.695734000  5622 0x8065620 INFO   GST_STATES gstelement.c:1945:gst_element_continue_state: completed state change
0:00:16.695760000  5622 0x8065620 INFO   GST_STATES gstbin.c:1930:gst_bin_change_state_func: child 'rtpdemux0' changed state to 1(NULL) successfully
0:00:16.695806000  5622 0x8065620 INFO   GST_STATES gstelement.c:1945:gst_element_continue_state: completed state change
0:00:16.695833000  5622 0x8065620 INFO   GST_STATES gstbin.c:1930:gst_bin_change_state_func: child 'rtpsend0' changed state to 1(NULL) successfully
0:00:16.695858000  5622 0x8065620 INFO   GST_STATES gstelement.c:1945:gst_element_continue_state: completed state change
0:00:16.695893000  5622 0x8065620 INFO   GST_STATES gstbin.c:1930:gst_bin_change_state_func: child 'rtpjitterbuffer0' changed state to 1(NULL) successfully
0:00:16.695922000  5622 0x8065620 INFO   GST_STATES gstelement.c:1945:gst_element_continue_state: completed state change
0:00:16.695947000  5622 0x8065620 INFO   GST_STATES gstbin.c:1930:gst_bin_change_state_func: child 'rtprecv0' changed state to 1(NULL) successfully
0:00:16.695987000  5622 0x8065620 INFO   GST_ELEMENT_PADS gstpad.c:1486:gst_pad_unlink: unlinking rtpsend0:rtpsrc(0x81afb08) and rtpsrc:proxypad10(0x81f98c8)
0:00:16.696042000  5622 0x8065620 INFO   GST_ELEMENT_PADS gstpad.c:1521:gst_pad_unlink: unlinked rtpsend0:rtpsrc and rtpsrc:proxypad10
0:00:16.696063000  5622 0x8065620 INFO   GST_ELEMENT_PADS gstpad.c:1486:gst_pad_unlink: unlinking sink:proxypad9(0x81f9800) and rtpsend0:datasink(0x81afa48)
0:00:16.696081000  5622 0x8065620 INFO   GST_ELEMENT_PADS gstpad.c:1521:gst_pad_unlink: unlinked sink:proxypad9 and rtpsend0:datasink
0:00:16.696112000  5622 0x8065620 INFO   GST_PARENTAGE gstbin.c:961:gst_bin_remove_func: removed child "rtpsend0"
0:00:16.696140000  5622 0x8065620 INFO   GST_ELEMENT_PADS gstpad.c:1486:gst_pad_unlink: unlinking rtpsink:proxypad3(0x807c330) and rtprecv0:rtpsink(0x81564b0)
0:00:16.696160000  5622 0x8065620 INFO   GST_ELEMENT_PADS gstpad.c:1521:gst_pad_unlink: unlinked rtpsink:proxypad3 and rtprecv0:rtpsink
0:00:16.696178000  5622 0x8065620 INFO   GST_ELEMENT_PADS gstpad.c:1486:gst_pad_unlink: unlinking rtprecv0:datasrc(0x81563f0) and rtpjitterbuffer0:sink(0x8156630)
0:00:16.696197000  5622 0x8065620 INFO   GST_ELEMENT_PADS gstpad.c:1521:gst_pad_unlink: unlinked rtprecv0:datasrc and rtpjitterbuffer0:sink
0:00:16.696216000  5622 0x8065620 INFO   GST_PARENTAGE gstbin.c:961:gst_bin_remove_func: removed child "rtprecv0"
0:00:16.696235000  5622 0x8065620 INFO   GST_STATES gstelement.c:1945:gst_element_continue_state: completed state change
0:00:16.696261000  5622 0x8065620 INFO   GST_STATES gstbin.c:1930:gst_bin_change_state_func: child 'rtpbin0' changed state to 1(NULL) successfully
0:00:16.696304000  5622 0x8065620 INFO   GST_STATES gstelement.c:1945:gst_element_continue_state: completed state change
0:00:16.696331000  5622 0x8065620 INFO   GST_STATES gstbin.c:1930:gst_bin_change_state_func: child 'rtppmcapay0' changed state to 1(NULL) successfully
0:00:16.696360000  5622 0x8065620 INFO   GST_STATES gstelement.c:1945:gst_element_continue_state: completed state change
0:00:16.696385000  5622 0x8065620 INFO   GST_STATES gstbin.c:1930:gst_bin_change_state_func: child 'capsfilter1' changed state to 1(NULL) successfully
0:00:16.696412000  5622 0x8065620 INFO   GST_STATES gstelement.c:1945:gst_element_continue_state: completed state change
0:00:16.696437000  5622 0x8065620 INFO   GST_STATES gstbin.c:1930:gst_bin_change_state_func: child 'alawenc0' changed state to 1(NULL) successfully
0:00:16.696464000  5622 0x8065620 INFO   GST_STATES gstelement.c:1945:gst_element_continue_state: completed state change
0:00:16.696488000  5622 0x8065620 INFO   GST_STATES gstbin.c:1930:gst_bin_change_state_func: child 'send8' changed state to 1(NULL) successfully
0:00:16.696517000  5622 0x8065620 INFO   GST_STATES gstelement.c:1945:gst_element_continue_state: completed state change
0:00:16.697954000  5622 0x8065620 INFO   GST_STATES gstbin.c:1930:gst_bin_change_state_func: child 'icesrc0' changed state to 1(NULL) successfully
0:00:16.704383000  5622 0x8065620 INFO   GST_STATES gstelement.c:1945:gst_element_continue_state: completed state change
0:00:16.704450000  5622 0x8065620 INFO   GST_STATES gstbin.c:1930:gst_bin_change_state_func: child 'alsasrc0' changed state to 1(NULL) successfully
0:00:16.704597000  5622 0x8065620 INFO   GST_REFCOUNTING gstelement.c:2469:gst_element_dispose: dispose
0:00:16.704626000  5622 0x8065620 INFO   GST_ELEMENT_PADS gstelement.c:699:gst_element_remove_pad: removing pad 'rtcpsrc'
0:00:16.704668000  5622 0x8065620 INFO   GST_ELEMENT_PADS gstelement.c:699:gst_element_remove_pad: removing pad 'rtpsrc'
0:00:16.704689000  5622 0x8065620 INFO   GST_ELEMENT_PADS gstelement.c:699:gst_element_remove_pad: removing pad 'datasink'
0:00:16.704709000  5622 0x8065620 INFO   GST_REFCOUNTING gstelement.c:2494:gst_element_dispose: parent class dispose
0:00:16.704729000  5622 0x8065620 INFO   GST_REFCOUNTING gstelement.c:2517:gst_element_finalize: finalize
0:00:16.704747000  5622 0x8065620 INFO   GST_REFCOUNTING gstelement.c:2528:gst_element_finalize: finalize parent
0:00:16.704771000  5622 0x8065620 INFO   GST_REFCOUNTING gstelement.c:2469:gst_element_dispose: dispose
0:00:16.704789000  5622 0x8065620 INFO   GST_ELEMENT_PADS gstelement.c:699:gst_element_remove_pad: removing pad 'rtcpsink'
0:00:16.704814000  5622 0x8065620 INFO   GST_ELEMENT_PADS gstelement.c:699:gst_element_remove_pad: removing pad 'rtpsink'
0:00:16.704834000  5622 0x8065620 INFO   GST_ELEMENT_PADS gstelement.c:699:gst_element_remove_pad: removing pad 'datasrc'
0:00:16.704858000  5622 0x8065620 INFO   GST_REFCOUNTING gstelement.c:2494:gst_element_dispose: parent class dispose
0:00:16.704880000  5622 0x8065620 INFO   GST_REFCOUNTING gstelement.c:2517:gst_element_finalize: finalize
0:00:16.704898000  5622 0x8065620 INFO   GST_REFCOUNTING gstelement.c:2528:gst_element_finalize: finalize parent
0:00:16.704929000  5622 0x8065620 INFO   GST_STATES gstelement.c:1945:gst_element_continue_state: completed state change (telepathy-stream-engine:5622): farsight-rtp-DEBUG: Changed pipeline state to NULL succesfully (telepathy-stream-engine:5622): farsight-rtp-DEBUG: farsight_rtp_stream_stop (1985): destroying socket client ** (telepathy-stream-engine:5622): DEBUG: stream 1 (audio) state_changed: stream 0x8106000 disconnected ** (telepathy-stream-engine:5622): DEBUG: stream 2 (video) stop_stream: calling stop on farsight stream 0x81060b8 (telepathy-stream-engine:5622): farsight-rtp-DEBUG: farsight_rtp_stream_stop (1914): stopping media pipeline
0:00:16.707073000  5622 0x8065620 INFO   GST_ELEMENT_PADS gstpad.c:1486:gst_pad_unlink: unlinking tee:src1(0x82a9298) and bin2:sink(0x8153460) ** (telepathy-stream-engine:5622): DEBUG: tee_pad_unlinked: releasing/removing pad
0:00:16.707124000  5622 0x8065620 INFO   GST_ELEMENT_PADS gstelement.c:699:gst_element_remove_pad: removing pad 'src1'
0:00:16.707149000  5622 0x8065620 INFO   GST_PARENTAGE gstbin.c:2563:gst_bin_get_by_name: [pipeline0]: looking up child element videosrc ** (telepathy-stream-engine:5622): DEBUG: got 1 pads now
0:00:16.707232000  5622 0x8065620 INFO   GST_ELEMENT_PADS gstelement.c:823:gst_element_get_static_pad: found pad videosrc:src ** (telepathy-stream-engine:5622): DEBUG: block_tee: Blocking source src pad
0:00:16.707267000  5622 0x8065620 INFO   GST_ELEMENT_PADS gstpad.c:1521:gst_pad_unlink: unlinked '':src1 and bin2:sink
0:00:16.707318000  5622 0x8065620 INFO   GST_STATES gstbin.c:1935:gst_bin_change_state_func: child 'icesink1' is changing state asynchronously
0:00:16.707343000  5622 0x8065620 INFO   GST_STATES gstelement.c:1945:gst_element_continue_state: completed state change
0:00:16.707374000  5622 0x8065620 INFO   GST_STATES gstbin.c:1930:gst_bin_change_state_func: child 'rtpdemux1' changed state to 3(PAUSED) successfully
0:00:16.707409000  5622 0x8065620 INFO   GST_STATES gstelement.c:1945:gst_element_continue_state: completed state change
0:00:16.707434000  5622 0x8065620 INFO   GST_STATES gstbin.c:1930:gst_bin_change_state_func: child 'rtpsend1' changed state to 3(PAUSED) successfully
0:00:16.707458000  5622 0x8065620 INFO   GST_STATES gstelement.c:1945:gst_element_continue_state: completed state change
0:00:16.707482000  5622 0x8065620 INFO   GST_STATES gstbin.c:1930:gst_bin_change_state_func: child 'rtpjitterbuffer1' changed state to 3(PAUSED) successfully
0:00:16.707503000  5622 0x8065620 INFO   GST_STATES gstelement.c:1945:gst_element_continue_state: completed state change
0:00:16.707528000  5622 0x8065620 INFO   GST_STATES gstbin.c:1930:gst_bin_change_state_func: child 'rtprecv1' changed state to 3(PAUSED) successfully
0:00:16.707549000  5622 0x8065620 INFO   GST_STATES gstelement.c:1945:gst_element_continue_state: completed state change
0:00:16.707572000  5622 0x8065620 INFO   GST_STATES gstbin.c:1930:gst_bin_change_state_func: child 'rtpbin1' changed state to 3(PAUSED) successfully
0:00:16.707604000  5622 0x8065620 INFO   GST_STATES gstelement.c:1945:gst_element_continue_state: completed state change
0:00:16.707629000  5622 0x8065620 INFO   GST_STATES gstbin.c:1930:gst_bin_change_state_func: child 'rtph263ppay0' changed state to 3(PAUSED) successfully
0:00:16.707653000  5622 0x8065620 INFO   GST_STATES gstelement.c:1945:gst_element_continue_state: completed state change
0:00:16.707677000  5622 0x8065620 INFO   GST_STATES gstbin.c:1930:gst_bin_change_state_func: child 'capsfilter2' changed state to 3(PAUSED) successfully
0:00:16.707699000  5622 0x8065620 INFO   GST_STATES gstelement.c:1945:gst_element_continue_state: completed state change
0:00:16.707723000  5622 0x8065620 INFO   GST_STATES gstbin.c:1930:gst_bin_change_state_func: child 'ffenc_h263p0' changed state to 3(PAUSED) successfully
0:00:16.707743000  5622 0x8065620 INFO   GST_STATES gstelement.c:1945:gst_element_continue_state: completed state change
0:00:16.707767000  5622 0x8065620 INFO   GST_STATES gstbin.c:1930:gst_bin_change_state_func: child 'send99' changed state to 3(PAUSED) successfully
0:00:16.707803000  5622 0x8065620 INFO   GST_STATES gstelement.c:1945:gst_element_continue_state: completed state change
0:00:16.707828000  5622 0x8065620 INFO   GST_STATES gstbin.c:1949:gst_bin_change_state_func: child 'icesrc1' changed state to 3(PAUSED) successfully without preroll
0:00:16.707849000  5622 0x8065620 INFO   GST_STATES gstelement.c:1919:gst_element_continue_state: committing state from PLAYING to PAUSED, pending NULL
0:00:16.707872000  5622 0x8065620 INFO   GST_STATES gstelement.c:1928:gst_element_continue_state: continue state change PAUSED to READY, final NULL
0:00:16.707914000  5622 0x8065620 INFO   GST_STATES gstelement.c:1945:gst_element_continue_state: completed state change
0:00:16.707939000  5622 0x8065620 INFO   GST_STATES gstbin.c:1930:gst_bin_change_state_func: child 'icesink1' changed state to 2(READY) successfully
0:00:16.707966000  5622 0x8065620 INFO   GST_STATES gstelement.c:1945:gst_element_continue_state: completed state change
0:00:16.708008000  5622 0x8065620 INFO   GST_STATES gstbin.c:1930:gst_bin_change_state_func: child 'rtpdemux1' changed state to 2(READY) successfully
0:00:16.708051000  5622 0x8065620 INFO   GST_STATES gstelement.c:1945:gst_element_continue_state: completed state change
0:00:16.708077000  5622 0x8065620 INFO   GST_STATES gstbin.c:1930:gst_bin_change_state_func: child 'rtpsend1' changed state to 2(READY) successfully
0:00:16.708099000  5622 0x8065620 INFO   GST_STATES gstelement.c:1945:gst_element_continue_state: completed state change
0:00:16.708123000  5622 0x8065620 INFO   GST_STATES gstbin.c:1930:gst_bin_change_state_func: child 'rtpjitterbuffer1' changed state to 2(READY) successfully
0:00:16.708152000  5622 0x8065620 INFO   GST_STATES gstelement.c:1945:gst_element_continue_state: completed state change
0:00:16.708177000  5622 0x8065620 INFO   GST_STATES gstbin.c:1930:gst_bin_change_state_func: child 'rtprecv1' changed state to 2(READY) successfully
0:00:16.708209000  5622 0x8065620 INFO   GST_STATES gstelement.c:1945:gst_element_continue_state: completed state change
0:00:16.708233000  5622 0x8065620 INFO   GST_STATES gstbin.c:1930:gst_bin_change_state_func: child 'rtpbin1' changed state to 2(READY) successfully
0:00:16.708271000  5622 0x8065620 INFO   GST_STATES gstelement.c:1945:gst_element_continue_state: completed state change
0:00:16.708296000  5622 0x8065620 INFO   GST_STATES gstbin.c:1930:gst_bin_change_state_func: child 'rtph263ppay0' changed state to 2(READY) successfully
0:00:16.708325000  5622 0x8065620 INFO   GST_STATES gstelement.c:1945:gst_element_continue_state: completed state change
0:00:16.708350000  5622 0x8065620 INFO   GST_STATES gstbin.c:1930:gst_bin_change_state_func: child 'capsfilter2' changed state to 2(READY) successfully
0:00:16.708377000  5622 0x8065620 INFO   GST_STATES gstelement.c:1945:gst_element_continue_state: completed state change
0:00:16.708415000  5622 0x8065620 INFO   GST_STATES gstbin.c:1930:gst_bin_change_state_func: child 'ffenc_h263p0' changed state to 2(READY) successfully
0:00:16.708444000  5622 0x8065620 INFO   GST_STATES gstelement.c:1945:gst_element_continue_state: completed state change
0:00:16.708468000  5622 0x8065620 INFO   GST_STATES gstbin.c:1930:gst_bin_change_state_func: child 'send99' changed state to 2(READY) successfully
0:00:16.709282000  5622 0xb4903678 INFO   basesrc gstbasesrc.c:1479:gst_base_src_loop: pausing after gst_base_src_get_range() = -2
0:00:16.709339000  5622 0x8065620 INFO   GST_EVENT gstpad.c:4046:gst_pad_send_event: Received event on flushing pad. Discarding
0:00:16.709363000  5622 0x8065620 INFO   GST_STATES gstelement.c:1945:gst_element_continue_state: completed state change
0:00:16.709389000  5622 0x8065620 INFO   GST_STATES gstbin.c:1930:gst_bin_change_state_func: child 'icesrc1' changed state to 2(READY) successfully
0:00:16.709418000  5622 0x8065620 INFO   GST_STATES gstelement.c:1919:gst_element_continue_state: committing state from PAUSED to READY, pending NULL
0:00:16.709443000  5622 0x8065620 INFO   GST_STATES gstelement.c:1928:gst_element_continue_state: continue state change READY to NULL, final NULL
0:00:16.709478000  5622 0x8065620 INFO   GST_STATES gstelement.c:1945:gst_element_continue_state: completed state change
0:00:16.709503000  5622 0x8065620 INFO   GST_STATES gstbin.c:1930:gst_bin_change_state_func: child 'icesink1' changed state to 1(NULL) successfully
0:00:16.709530000  5622 0x8065620 INFO   GST_STATES gstelement.c:1945:gst_element_continue_state: completed state change
0:00:16.709555000  5622 0x8065620 INFO   GST_STATES gstbin.c:1930:gst_bin_change_state_func: child 'rtpdemux1' changed state to 1(NULL) successfully
0:00:16.709593000  5622 0x8065620 INFO   GST_STATES gstelement.c:1945:gst_element_continue_state: completed state change
0:00:16.709619000  5622 0x8065620 INFO   GST_STATES gstbin.c:1930:gst_bin_change_state_func: child 'rtpsend1' changed state to 1(NULL) successfully
0:00:16.709642000  5622 0x8065620 INFO   GST_STATES gstelement.c:1945:gst_element_continue_state: completed state change
0:00:16.709667000  5622 0x8065620 INFO   GST_STATES gstbin.c:1930:gst_bin_change_state_func: child 'rtpjitterbuffer1' changed state to 1(NULL) successfully
0:00:16.709694000  5622 0x8065620 INFO   GST_STATES gstelement.c:1945:gst_element_continue_state: completed state change
0:00:16.709719000  5622 0x8065620 INFO   GST_STATES gstbin.c:1930:gst_bin_change_state_func: child 'rtprecv1' changed state to 1(NULL) successfully
0:00:16.709750000  5622 0x8065620 INFO   GST_ELEMENT_PADS gstpad.c:1486:gst_pad_unlink: unlinking rtpsend1:rtpsrc(0x82a9418) and rtpsrc:proxypad14(0x81f9be8)
0:00:16.709771000  5622 0x8065620 INFO   GST_ELEMENT_PADS gstpad.c:1521:gst_pad_unlink: unlinked rtpsend1:rtpsrc and rtpsrc:proxypad14
0:00:16.709804000  5622 0x8065620 INFO   GST_ELEMENT_PADS gstpad.c:1486:gst_pad_unlink: unlinking sink:proxypad13(0x81f9b20) and rtpsend1:datasink(0x82a9358)
0:00:16.709823000  5622 0x8065620 INFO   GST_ELEMENT_PADS gstpad.c:1521:gst_pad_unlink: unlinked sink:proxypad13 and rtpsend1:datasink
0:00:16.709842000  5622 0x8065620 INFO   GST_PARENTAGE gstbin.c:961:gst_bin_remove_func: removed child "rtpsend1"
0:00:16.709865000  5622 0x8065620 INFO   GST_ELEMENT_PADS gstpad.c:1486:gst_pad_unlink: unlinking rtpsink:proxypad6(0x807c588) and rtprecv1:rtpsink(0x81a6a70)
0:00:16.709884000  5622 0x8065620 INFO   GST_ELEMENT_PADS gstpad.c:1521:gst_pad_unlink: unlinked rtpsink:proxypad6 and rtprecv1:rtpsink
0:00:16.709902000  5622 0x8065620 INFO   GST_ELEMENT_PADS gstpad.c:1486:gst_pad_unlink: unlinking rtprecv1:datasrc(0x81a69b0) and rtpjitterbuffer1:sink(0x81a6bf0)
0:00:16.709919000  5622 0x8065620 INFO   GST_ELEMENT_PADS gstpad.c:1521:gst_pad_unlink: unlinked rtprecv1:datasrc and rtpjitterbuffer1:sink
0:00:16.709938000  5622 0x8065620 INFO   GST_PARENTAGE gstbin.c:961:gst_bin_remove_func: removed child "rtprecv1"
0:00:16.709957000  5622 0x8065620 INFO   GST_STATES gstelement.c:1945:gst_element_continue_state: completed state change
0:00:16.709983000  5622 0x8065620 INFO   GST_STATES gstbin.c:1930:gst_bin_change_state_func: child 'rtpbin1' changed state to 1(NULL) successfully
0:00:16.710020000  5622 0x8065620 INFO   GST_STATES gstelement.c:1945:gst_element_continue_state: completed state change
0:00:16.710046000  5622 0x8065620 INFO   GST_STATES gstbin.c:1930:gst_bin_change_state_func: child 'rtph263ppay0' changed state to 1(NULL) successfully
0:00:16.710073000  5622 0x8065620 INFO   GST_STATES gstelement.c:1945:gst_element_continue_state: completed state change
0:00:16.710098000  5622 0x8065620 INFO   GST_STATES gstbin.c:1930:gst_bin_change_state_func: child 'capsfilter2' changed state to 1(NULL) successfully
0:00:16.710124000  5622 0x8065620 INFO   GST_STATES gstelement.c:1945:gst_element_continue_state: completed state change
0:00:16.710149000  5622 0x8065620 INFO   GST_STATES gstbin.c:1930:gst_bin_change_state_func: child 'ffenc_h263p0' changed state to 1(NULL) successfully
0:00:16.710175000  5622 0x8065620 INFO   GST_STATES gstelement.c:1945:gst_element_continue_state: completed state change
0:00:16.710199000  5622 0x8065620 INFO   GST_STATES gstbin.c:1930:gst_bin_change_state_func: child 'send99' changed state to 1(NULL) successfully
0:00:16.710224000  5622 0x8065620 INFO   GST_STATES gstelement.c:1945:gst_element_continue_state: completed state change
0:00:16.710249000  5622 0x8065620 INFO   GST_STATES gstbin.c:1930:gst_bin_change_state_func: child 'icesrc1' changed state to 1(NULL) successfully
0:00:16.710274000  5622 0x8065620 INFO   GST_STATES gstelement.c:1945:gst_element_continue_state: completed state change (telepathy-stream-engine:5622): farsight-rtp-DEBUG: Changed pipeline state to NULL succesfully
0:00:16.710342000  5622 0x8065620 INFO   GST_PARENTAGE gstbin.c:961:gst_bin_remove_func: removed child "bin2" (telepathy-stream-engine:5622): farsight-rtp-DEBUG: farsight_rtp_stream_stop (1985): destroying socket client ** (telepathy-stream-engine:5622): DEBUG: stream 2 (video) state_changed: stream 0x81060b8 disconnected ** (telepathy-stream-engine:5622): DEBUG: stream 2 (video) _remove_video_sink: removing video sink
0:00:16.710901000  5622 0x8065620 INFO   GST_STATES gstelement.c:1945:gst_element_continue_state: completed state change
0:00:16.710930000  5622 0x8065620 INFO   GST_STATES gstbin.c:1930:gst_bin_change_state_func: child 'ximagesink0' changed state to 2(READY) successfully
0:00:16.710960000  5622 0x8065620 INFO   GST_STATES gstelement.c:1945:gst_element_continue_state: completed state change
0:00:16.710986000  5622 0x8065620 INFO   GST_STATES gstbin.c:1930:gst_bin_change_state_func: child 'ffmpegcsp1' changed state to 2(READY) successfully
0:00:16.711013000  5622 0x8065620 INFO   GST_STATES gstelement.c:1919:gst_element_continue_state: committing state from READY to READY, pending NULL
0:00:16.711039000  5622 0x8065620 INFO   GST_STATES gstelement.c:1928:gst_element_continue_state: continue state change READY to NULL, final NULL
0:00:16.790533000  5622 0x8065620 INFO   GST_STATES gstelement.c:1945:gst_element_continue_state: completed state change
0:00:16.790591000  5622 0x8065620 INFO   GST_STATES gstbin.c:1930:gst_bin_change_state_func: child 'ximagesink0' changed state to 1(NULL) successfully
0:00:16.790633000  5622 0x8065620 INFO   GST_STATES gstelement.c:1945:gst_element_continue_state: completed state change
0:00:16.790666000  5622 0x8065620 INFO   GST_STATES gstbin.c:1930:gst_bin_change_state_func: child 'ffmpegcsp1' changed state to 1(NULL) successfully
0:00:16.790699000  5622 0x8065620 INFO   GST_STATES gstelement.c:1945:gst_element_continue_state: completed state change ** (telepathy-stream-engine:5622): DEBUG: stream 2 (video) _remove_video_sink: sink refcount: 4
0:00:16.790761000  5622 0x8065620 INFO   GST_PARENTAGE gstbin.c:961:gst_bin_remove_func: removed child "bin1" ** (telepathy-stream-engine:5622): DEBUG: tp_stream_engine_session_dispose: disconnecting signals from session handler proxy ** (telepathy-stream-engine:5622): DEBUG: bus_async_handler: Emitting shutdown signal ** (telepathy-stream-engine:5622): DEBUG: Unrefing stream_engine and quitting
0:00:16.791815000  5622 0x8065620 INFO   GST_STATES gstelement.c:1945:gst_element_continue_state: completed state change
0:00:16.791851000  5622 0x8065620 INFO   GST_STATES gstbin.c:1930:gst_bin_change_state_func: child 'fakesink0' changed state to 3(PAUSED) successfully
0:00:16.791880000  5622 0x8065620 INFO   GST_STATES gstelement.c:1945:gst_element_continue_state: completed state change
0:00:16.791911000  5622 0x8065620 INFO   GST_STATES gstbin.c:1930:gst_bin_change_state_func: child 'capsfilter0' changed state to 3(PAUSED) successfully
0:00:16.791938000  5622 0x8065620 INFO   GST_STATES gstelement.c:1945:gst_element_continue_state: completed state change
0:00:16.791993000  5622 0x8065620 INFO   GST_STATES gstbin.c:1930:gst_bin_change_state_func: child 'tee' changed state to 3(PAUSED) successfully
0:00:16.792029000  5622 0x8065620 INFO   GST_STATES gstelement.c:1945:gst_element_continue_state: completed state change
0:00:16.792063000  5622 0x8065620 INFO   GST_STATES gstbin.c:1930:gst_bin_change_state_func: child 'ffmpegcsp0' changed state to 3(PAUSED) successfully
0:00:16.792089000  5622 0x8065620 INFO   GST_STATES gstelement.c:1945:gst_element_continue_state: completed state change
0:00:16.792120000  5622 0x8065620 INFO   GST_STATES gstbin.c:1949:gst_bin_change_state_func: child 'videotestsrc0' changed state to 3(PAUSED) successfully without preroll
0:00:16.792146000  5622 0x8065620 INFO   GST_STATES gstelement.c:1945:gst_element_continue_state: completed state change
0:00:16.792176000  5622 0x8065620 INFO   GST_STATES gstbin.c:1949:gst_bin_change_state_func: child 'videosrc' changed state to 3(PAUSED) successfully without preroll
0:00:16.792207000  5622 0x8065620 INFO   GST_STATES gstelement.c:1919:gst_element_continue_state: committing state from PLAYING to PAUSED, pending NULL
0:00:16.792238000  5622 0x8065620 INFO   GST_STATES gstelement.c:1928:gst_element_continue_state: continue state change PAUSED to READY, final NULL
0:00:16.792297000  5622 0x8065620 INFO   GST_STATES gstelement.c:1945:gst_element_continue_state: completed state change
0:00:16.792329000  5622 0x8065620 INFO   GST_STATES gstbin.c:1930:gst_bin_change_state_func: child 'fakesink0' changed state to 2(READY) successfully
0:00:16.792379000  5622 0x8065620 INFO   GST_STATES gstelement.c:1945:gst_element_continue_state: completed state change
0:00:16.792411000  5622 0x8065620 INFO   GST_STATES gstbin.c:1930:gst_bin_change_state_func: child 'capsfilter0' changed state to 2(READY) successfully
0:00:16.792461000  5622 0x8065620 INFO   GST_STATES gstelement.c:1945:gst_element_continue_state: completed state change
0:00:16.792493000  5622 0x8065620 INFO   GST_STATES gstbin.c:1930:gst_bin_change_state_func: child 'tee' changed state to 2(READY) successfully
0:00:16.792562000  5622 0x8065620 INFO   GST_STATES gstelement.c:1945:gst_element_continue_state: completed state change
0:00:16.792594000  5622 0x8065620 INFO   GST_STATES gstbin.c:1930:gst_bin_change_state_func: child 'ffmpegcsp0' changed state to 2(READY) successfully
0:00:16.792665000  5622 0x8065620 INFO   GST_STATES gstelement.c:1945:gst_element_continue_state: completed state change
0:00:16.792699000  5622 0x8065620 INFO   GST_STATES gstbin.c:1930:gst_bin_change_state_func: child 'videotestsrc0' changed state to 2(READY) successfully
0:00:16.792730000  5622 0x8065620 INFO   GST_STATES gstelement.c:1945:gst_element_continue_state: completed state change
0:00:16.792761000  5622 0x8065620 INFO   GST_STATES gstbin.c:1930:gst_bin_change_state_func: child 'videosrc' changed state to 2(READY) successfully
0:00:16.792809000  5622 0x8065620 INFO   GST_STATES gstelement.c:1919:gst_element_continue_state: committing state from PAUSED to READY, pending NULL
0:00:16.792841000  5622 0x8065620 INFO   GST_STATES gstelement.c:1928:gst_element_continue_state: continue state change READY to NULL, final NULL
0:00:16.792882000  5622 0x8065620 INFO   GST_STATES gstelement.c:1945:gst_element_continue_state: completed state change
0:00:16.792914000  5622 0x8065620 INFO   GST_STATES gstbin.c:1930:gst_bin_change_state_func: child 'fakesink0' changed state to 1(NULL) successfully
0:00:16.792948000  5622 0x8065620 INFO   GST_STATES gstelement.c:1945:gst_element_continue_state: completed state change
0:00:16.792978000  5622 0x8065620 INFO   GST_STATES gstbin.c:1930:gst_bin_change_state_func: child 'capsfilter0' changed state to 1(NULL) successfully
0:00:16.793012000  5622 0x8065620 INFO   GST_STATES gstelement.c:1945:gst_element_continue_state: completed state change
0:00:16.793043000  5622 0x8065620 INFO   GST_STATES gstbin.c:1930:gst_bin_change_state_func: child 'tee' changed state to 1(NULL) successfully
0:00:16.793084000  5622 0x8065620 INFO   GST_STATES gstelement.c:1945:gst_element_continue_state: completed state change
0:00:16.793116000  5622 0x8065620 INFO   GST_STATES gstbin.c:1930:gst_bin_change_state_func: child 'ffmpegcsp0' changed state to 1(NULL) successfully
0:00:16.793146000  5622 0x8065620 INFO   GST_STATES gstelement.c:1945:gst_element_continue_state: completed state change
0:00:16.793178000  5622 0x8065620 INFO   GST_STATES gstbin.c:1930:gst_bin_change_state_func: child 'videotestsrc0' changed state to 1(NULL) successfully
0:00:16.793209000  5622 0x8065620 INFO   GST_STATES gstelement.c:1945:gst_element_continue_state: completed state change
0:00:16.793239000  5622 0x8065620 INFO   GST_STATES gstbin.c:1930:gst_bin_change_state_func: child 'videosrc' changed state to 1(NULL) successfully
0:00:16.793327000  5622 0x8065620 INFO   GST_ELEMENT_PADS gstpad.c:1486:gst_pad_unlink: unlinking ffmpegcsp1:src(0x81560f0) and ximagesink0:sink(0x81561b0)
0:00:16.793355000  5622 0x8065620 INFO   GST_ELEMENT_PADS gstpad.c:1521:gst_pad_unlink: unlinked ffmpegcsp1:src and ximagesink0:sink
0:00:16.793381000  5622 0x8065620 INFO   GST_PARENTAGE gstbin.c:961:gst_bin_remove_func: removed child "ximagesink0"
0:00:16.793406000  5622 0x8065620 INFO   GST_REFCOUNTING gstelement.c:2469:gst_element_dispose: dispose
0:00:16.793428000  5622 0x8065620 INFO   GST_ELEMENT_PADS gstelement.c:699:gst_element_remove_pad: removing pad 'sink'
0:00:16.793458000  5622 0x8065620 INFO   GST_REFCOUNTING gstelement.c:2494:gst_element_dispose: parent class dispose
0:00:16.793486000  5622 0x8065620 INFO   GST_REFCOUNTING gstelement.c:2517:gst_element_finalize: finalize
0:00:16.793523000  5622 0x8065620 INFO   GST_REFCOUNTING gstelement.c:2528:gst_element_finalize: finalize parent
0:00:16.793550000  5622 0x8065620 INFO   GST_ELEMENT_PADS gstpad.c:1486:gst_pad_unlink: unlinking sink:proxypad1(0x807c1a0) and ffmpegcsp1:sink(0x8156030)
0:00:16.793574000  5622 0x8065620 INFO   GST_ELEMENT_PADS gstpad.c:1521:gst_pad_unlink: unlinked sink:proxypad1 and ffmpegcsp1:sink
0:00:16.793597000  5622 0x8065620 INFO   GST_PARENTAGE gstbin.c:961:gst_bin_remove_func: removed child "ffmpegcsp1"
